{"id":234,"date":"2020-09-06T02:18:34","date_gmt":"2020-09-06T00:18:34","guid":{"rendered":"http:\/\/andreaslindholm.se\/?page_id=234"},"modified":"2023-02-26T14:28:59","modified_gmt":"2023-02-26T13:28:59","slug":"spokskyltarna","status":"publish","type":"page","link":"https:\/\/andreaslindholm.se\/index.php\/spokskyltarna\/","title":{"rendered":"Sp\u00f6kskyltarna"},"content":{"rendered":"\n<p>Jag har satt ig\u00e5ng en inventering av Sp\u00f6kskyltar i Uppsala. H\u00e4r nedanf\u00f6r finns en karta gjord i Google Maps.<\/p>\n\n\n\n<iframe loading=\"lazy\" src=\"https:\/\/www.google.com\/maps\/d\/embed?mid=15VW4yEVtyhgaMBPeEwecMUHq0PsAxdzV\" width=\"340\" height=\"280\"><\/iframe>\n\n\n\n<p><\/p>\n","protected":false},"excerpt":{"rendered":"<p>Jag har satt ig\u00e5ng en inventering av Sp\u00f6kskyltar i Uppsala. H\u00e4r nedanf\u00f6r finns en karta gjord i Google Maps.<\/p>\n","protected":false},"author":1,"featured_media":0,"parent":0,"menu_order":0,"comment_status":"closed","ping_status":"closed","template":"","meta":{"footnotes":""},"class_list":["post-234","page","type-page","status-publish","hentry"],"_links":{"self":[{"href":"https:\/\/andreaslindholm.se\/index.php\/wp-json\/wp\/v2\/pages\/234","targetHints":{"allow":["GET"]}}],"collection":[{"href":"https:\/\/andreaslindholm.se\/index.php\/wp-json\/wp\/v2\/pages"}],"about":[{"href":"https:\/\/andreaslindholm.se\/index.php\/wp-json\/wp\/v2\/types\/page"}],"author":[{"embeddable":true,"href":"https:\/\/andreaslindholm.se\/index.php\/wp-json\/wp\/v2\/users\/1"}],"replies":[{"embeddable":true,"href":"https:\/\/andreaslindholm.se\/index.php\/wp-json\/wp\/v2\/comments?post=234"}],"version-history":[{"count":4,"href":"https:\/\/andreaslindholm.se\/index.php\/wp-json\/wp\/v2\/pages\/234\/revisions"}],"predecessor-version":[{"id":248,"href":"https:\/\/andreaslindholm.se\/index.php\/wp-json\/wp\/v2\/pages\/234\/revisions\/248"}],"wp:attachment":[{"href":"https:\/\/andreaslindholm.se\/index.php\/wp-json\/wp\/v2\/media?parent=234"}],"curies":[{"name":"wp","href":"https:\/\/api.w.org\/{rel}","templated":true}]}}