{"id":30,"date":"2015-05-11T16:10:00","date_gmt":"2015-05-11T14:10:00","guid":{"rendered":"http:\/\/andreaslindholm.se\/?page_id=30"},"modified":"2024-11-04T17:44:35","modified_gmt":"2024-11-04T16:44:35","slug":"journalistik","status":"publish","type":"page","link":"https:\/\/andreaslindholm.se\/index.php\/journalistik\/","title":{"rendered":"Journalistik"},"content":{"rendered":"<p>Som journalist producerar jag podden Kulturspanaren och lite annat i <a href=\"http:\/\/www.radiofyris.se\">Radio Fyris<\/a><\/p>\n<p>Har \u00e4ven bidragit med recept i tidningen f\u00f6r f\u00f6rsamlingen Saint Marks and all Saints som \u00e4r baserad i Reading, England.<\/p>\n<p>Spr\u00e5kgranskade och korrekturl\u00e4ste boken Jesus var ocks\u00e5 flykting av Micael Grenholm och Stefan <a href=\"http:\/\/www.xpmedia.org\/bocker\/jesus-var-ocksa-flykting\"><img loading=\"lazy\" decoding=\"async\" class=\"size-medium wp-image-76 alignright\" src=\"https:\/\/andreaslindholm.se\/wp-content\/uploads\/2015\/05\/jesus-193x300.jpg\" alt=\"jesus\" width=\"193\" height=\"300\" srcset=\"https:\/\/andreaslindholm.se\/wp-content\/uploads\/2015\/05\/jesus-193x300.jpg 193w, https:\/\/andreaslindholm.se\/wp-content\/uploads\/2015\/05\/jesus.jpg 604w\" sizes=\"auto, (max-width: 193px) 100vw, 193px\" \/><\/a>Sw\u00e4rd. Release 2016-04-08.<\/p>\n<p>Producerar podden Once upon a storytime om ber\u00e4ttande och Storytelling<\/p>\n","protected":false},"excerpt":{"rendered":"<p>Som journalist producerar jag podden Kulturspanaren och lite annat i Radio Fyris Har \u00e4ven bidragit med recept i tidningen f\u00f6r f\u00f6rsamlingen Saint Marks and all Saints som \u00e4r baserad i Reading, England. Spr\u00e5kgranskade och korrekturl\u00e4ste boken Jesus var ocks\u00e5 flykting av Micael Grenholm och Stefan Sw\u00e4rd. Release 2016-04-08. Producerar podden Once upon a storytime om [&hellip;]<\/p>\n","protected":false},"author":1,"featured_media":0,"parent":0,"menu_order":0,"comment_status":"closed","ping_status":"open","template":"","meta":{"footnotes":""},"class_list":["post-30","page","type-page","status-publish","hentry"],"_links":{"self":[{"href":"https:\/\/andreaslindholm.se\/index.php\/wp-json\/wp\/v2\/pages\/30","targetHints":{"allow":["GET"]}}],"collection":[{"href":"https:\/\/andreaslindholm.se\/index.php\/wp-json\/wp\/v2\/pages"}],"about":[{"href":"https:\/\/andreaslindholm.se\/index.php\/wp-json\/wp\/v2\/types\/page"}],"author":[{"embeddable":true,"href":"https:\/\/andreaslindholm.se\/index.php\/wp-json\/wp\/v2\/users\/1"}],"replies":[{"embeddable":true,"href":"https:\/\/andreaslindholm.se\/index.php\/wp-json\/wp\/v2\/comments?post=30"}],"version-history":[{"count":8,"href":"https:\/\/andreaslindholm.se\/index.php\/wp-json\/wp\/v2\/pages\/30\/revisions"}],"predecessor-version":[{"id":486,"href":"https:\/\/andreaslindholm.se\/index.php\/wp-json\/wp\/v2\/pages\/30\/revisions\/486"}],"wp:attachment":[{"href":"https:\/\/andreaslindholm.se\/index.php\/wp-json\/wp\/v2\/media?parent=30"}],"curies":[{"name":"wp","href":"https:\/\/api.w.org\/{rel}","templated":true}]}}