{"id":5,"date":"2015-05-03T16:09:24","date_gmt":"2015-05-03T14:09:24","guid":{"rendered":"http:\/\/andreaslindholm.se\/?page_id=5"},"modified":"2024-11-04T17:43:59","modified_gmt":"2024-11-04T16:43:59","slug":"om-mig","status":"publish","type":"page","link":"https:\/\/andreaslindholm.se\/index.php\/om-mig\/","title":{"rendered":"Om mig"},"content":{"rendered":"\n<p>Jag heter Andreas, \u00e4r 35 \u00e5r gammal och bor i Uppsala. \u00c4r gift med <a href=\"http:\/\/sarahlindholm.com\">Sarah<\/a>. Bland annat har jag varit med och startat <a href=\"http:\/\/www.journeyon.nu\">Journey On<\/a>, ett socialt n\u00e4tverk f\u00f6r m\u00e4nniskor med funktionsvariationer eller psykisk oh\u00e4lsa. Har min dagliga verksamhet p\u00e5 Radio Fyris.<\/p>\n\n\n\n<h2 class=\"wp-block-heading\">Saker som jag gjort:<\/h2>\n\n\n\n<h2 class=\"wp-block-heading\">Utbildningar:<\/h2>\n\n\n\n<p>Utbildning i fysisk tillg\u00e4nglighet SWECO Arkitekter <\/p>\n\n\n\n<p>Kurs i Webbtillg\u00e4nglighet (WCAG) ETU<\/p>\n\n\n\n<p>Brukarrevisionsutbildning enligt G\u00f6teborgsmodellen<\/p>\n\n\n\n<h3 class=\"wp-block-heading\">Idella engegemang:<\/h3>\n\n\n\n<p><strong>Uppsala Baptistf\u00f6rsamling<\/strong>: Ljudtekniker och tolk 2008-, Styrelseledamot 2021-, Vice Ordf\u00f6rande 2024-<\/p>\n\n\n\n<p><strong>Ung Radio<\/strong>: Valberedning 2014-2015, Projektdeltagare f\u00f6r Lyssna &#8211; en helg om att h\u00f6ras, Gala f\u00f6r unga radioproducenter d\u00e4r jag bland annat blandade b\u00e5l och h\u00f6ll ett seminarium om musik som ber\u00e4ttartekniskt verktyg.  201309-20141231<\/p>\n\n\n\n<p><strong>Pannkakskyrkan Uppsala<\/strong>: Styrelseledamot under ett antal \u00e5r samt ledare p\u00e5 stan. <a href=\"https:\/\/reachsverige.se\/\">https:\/\/reachsverige.se\/<\/a><\/p>\n\n\n\n<p><strong>Hyresg\u00e4stf\u00f6reningen Flogsta H\u00f6ghus<\/strong>: Styrelseledamot 2010-2012<\/p>\n\n\n\n<p><strong>Journey On<\/strong>: Webmaster, sekreterare, ansvarig f\u00f6r b\u00f6negrupper. 2015-2024<\/p>\n\n\n\n<h3 class=\"wp-block-heading\">I media:<\/h3>\n\n\n\n<p>Denna lista \u00e4r ut\u00f6ver det jag gjorde under min tid som journalist: <\/p>\n\n\n\n<h4 class=\"wp-block-heading\"><strong>B\u00f6cker: <\/strong><\/h4>\n\n\n\n<p><strong>Jesus var ocks\u00e5 flykting<\/strong> av Micael Grenholm och Stefan Sw\u00e4rd, Korrekturl\u00e4sning och faktagranskning, XP Media 2016<\/p>\n\n\n\n<p><strong>Kalla mig galen: Ber\u00e4ttelser fr\u00e5n psyksverige<\/strong> av Christian Dahlstr\u00f6m Faktakoll om autism, Ordfront f\u00f6rlag 2017<\/p>\n\n\n\n<p><strong>V\u00e4gen, Sanningen och B\u00e5ten<\/strong>, Red. Anne-Mette Pleijel-Johnsson<br>En bok om organisationen <a href=\"http:\/\/www.troochljus.se\">Tro och Ljus i Sverige<\/a>. GAudete F\u00f6rlag, 2018<\/p>\n\n\n\n<p><strong>God in all i See<\/strong>, Sarah Lindholm, bidragit med fotografier och ljudlandskap till min frus debut. The Conrad Press 2023<\/p>\n\n\n\n<h4 class=\"wp-block-heading\">TV:<\/h4>\n\n\n\n<p>2013: Utbildningsradion: <em>Liv med Autism &#8211; S\u00e5 n\u00e4ra ett jobb man kan komma<\/em>: film om livet med funktionshinder efter skolan. <\/p>\n\n\n\n<p>2013: Kortfilmen <a href=\"http:\/\/johanpalmgren.com\/theflogstaroar-eng\/\">Flogstavr\u00e5let<\/a> av regiss\u00f6ren <a href=\"http:\/\/johanpalmgren.com\/\" target=\"_blank\" rel=\"noreferrer noopener\">Johan Palmgren<\/a>, f\u00f6rsta svenska 3d produktionen. <\/p>\n\n\n\n<p>2016: <a href=\"https:\/\/andreaslindholm.se\/index.php\/2016\/07\/31\/lss-och-tjanstemannacensur\/\">LSS och Tj\u00e4nstemannacensur<\/a>, F\u00f6rsta nyhet p\u00e5 Kulturnyheterna<\/p>\n\n\n\n<p>2024: Fr\u00e5gan \u00e4r fri SVT\/Baluba Sex k\u00e4nda svenskar intervjuas av atypiska reportrar. <\/p>\n\n\n\n<h4 class=\"wp-block-heading\">Radio\/Podcast\/Ljud: <\/h4>\n\n\n\n<p><strong>DJ 50 Sp\u00e4nn<\/strong>: Medverkat med b\u00e5de <a rel=\"noreferrer noopener\" href=\"http:\/\/dj50spann.se\/19-jocke-boberg\/\" target=\"_blank\">jingelremix<\/a> i avsnittet med Jocke Boberg fr\u00e5n Rally i P3, som <a rel=\"noreferrer noopener\" href=\"http:\/\/dj50spann.se\/39-andy-planck\/\" target=\"_blank\">g\u00e4st<\/a> i sveriges billigaste podcast d\u00e4r g\u00e4sterna f\u00e5r k\u00f6pa fem skivor f\u00f6r en femtiolapp. Jag passade \u00e4ven p\u00e5 att n\u00e4r ovan n\u00e4mnda podcast fyllde hundra avsnitt att slakta La Paloma av James Last som kan avnjutas i avsnitt 100 del 2: <a rel=\"noreferrer noopener\" href=\"http:\/\/dj50spann.se\/100-del-2-en-honnor-till-james-last\/\" target=\"_blank\">En salut till James Last<\/a> samt att DJ:a p\u00e5 festkv\u00e4llen p\u00e5 Bar Kosmopolit i Stockholm. <\/p>\n\n\n\n<p><strong>Sinnessjukt:<\/strong> Sveriges st\u00f6rsta podcast om psykisk oh\u00e4lsa. Jag blev inbjuden att samtala om att leva med autism i tv\u00e5 delar. Lyssna  <a href=\"https:\/\/sinnessjukt.se\/avsnitt-101-autism-del-1\/\">h\u00e4r:<\/a> <\/p>\n\n\n\n<p><strong>Once Upon a Storytime<\/strong>; Jag producerar podcasten Once Upon a storytime som jag g\u00f6r tillsammans med min blivande fru, Sarah. En podcast om storytelling i alla dess former som \u00e4r lite lagd i malp\u00e5se<\/p>\n\n\n\n<figure><iframe loading=\"lazy\" src=\"https:\/\/anchor.fm\/onceuponastorytime\/embed\/episodes\/Episode-6-Top-5-Adventure-games-e3t6ov\/a-ae79ss\" width=\"400px\" height=\"102px\"><\/iframe><\/figure>\n\n\n\n<p><strong>Tisdags\u00e5ngest<\/strong> i Radio Shore: Medverkade i sista avsnittet. S\u00e4ndes i Studentradion i Kalmar. <\/p>\n\n\n\n<p><strong>Great Western Park<\/strong>: L\u00e4sa in en ber\u00e4ttartext till en guidad rundtur f\u00f6r Scouterna i Great Western Park, Didcot om en desarmeringstrupp. <\/p>\n","protected":false},"excerpt":{"rendered":"<p>Jag heter Andreas, \u00e4r 35 \u00e5r gammal och bor i Uppsala. \u00c4r gift med Sarah. Bland annat har jag varit med och startat Journey On, ett socialt n\u00e4tverk f\u00f6r m\u00e4nniskor med funktionsvariationer eller psykisk oh\u00e4lsa. Har min dagliga verksamhet p\u00e5 Radio Fyris. Saker som jag gjort: Utbildningar: Utbildning i fysisk tillg\u00e4nglighet SWECO Arkitekter Kurs i [&hellip;]<\/p>\n","protected":false},"author":1,"featured_media":0,"parent":0,"menu_order":0,"comment_status":"closed","ping_status":"open","template":"","meta":{"footnotes":""},"class_list":["post-5","page","type-page","status-publish","hentry"],"_links":{"self":[{"href":"https:\/\/andreaslindholm.se\/index.php\/wp-json\/wp\/v2\/pages\/5","targetHints":{"allow":["GET"]}}],"collection":[{"href":"https:\/\/andreaslindholm.se\/index.php\/wp-json\/wp\/v2\/pages"}],"about":[{"href":"https:\/\/andreaslindholm.se\/index.php\/wp-json\/wp\/v2\/types\/page"}],"author":[{"embeddable":true,"href":"https:\/\/andreaslindholm.se\/index.php\/wp-json\/wp\/v2\/users\/1"}],"replies":[{"embeddable":true,"href":"https:\/\/andreaslindholm.se\/index.php\/wp-json\/wp\/v2\/comments?post=5"}],"version-history":[{"count":17,"href":"https:\/\/andreaslindholm.se\/index.php\/wp-json\/wp\/v2\/pages\/5\/revisions"}],"predecessor-version":[{"id":485,"href":"https:\/\/andreaslindholm.se\/index.php\/wp-json\/wp\/v2\/pages\/5\/revisions\/485"}],"wp:attachment":[{"href":"https:\/\/andreaslindholm.se\/index.php\/wp-json\/wp\/v2\/media?parent=5"}],"curies":[{"name":"wp","href":"https:\/\/api.w.org\/{rel}","templated":true}]}}